{"id":18,"date":"2014-09-03T10:44:49","date_gmt":"2014-09-03T09:44:49","guid":{"rendered":"http:\/\/195.154.127.81\/wordpress\/?page_id=18"},"modified":"2023-03-08T19:03:27","modified_gmt":"2023-03-08T18:03:27","slug":"media","status":"publish","type":"page","link":"https:\/\/www.trio-l.com\/?page_id=18","title":{"rendered":"Media"},"content":{"rendered":"<p>Pour trouver notre disque, c&rsquo;est ici:<\/p>\n<p><a href=\"https:\/\/cdetvinyle.fr\/products\/impressions-dici-et-dailleurs-trio-l-album-cd\">IMPRESSIONS D&#039;ICI ET D&#039;AILLEURS &#8211; TRIO L (CD)<\/a><\/p>\n<p style=\"text-align: center;\"><em>\u00ab\u00a0Lyuba Zhecheva, pr\u00e9sente, \u00e0 l&rsquo;\u00e9coute, dosant subtilement &#8230;, <\/em><\/p>\n<p style=\"text-align: center;\"><em>le son g\u00e9n\u00e9reux et la souplesse de Louison Cr\u00e8s-Debacq, <\/em><\/p>\n<p style=\"text-align: center;\"><em>la finesse lumineuse de Louis-Jean Perreau&#8230;\u00a0\u00bb<\/em>, Concertonet, 07\/11\/17<\/p>\n<p style=\"text-align: center;\">\u00ab\u00a0<em>De la musique \u00e0 consommer sans mod\u00e9ration<\/em>\u00ab\u00a0, Le Progr\u00e8s, 23\/05\/13<\/p>\n<p style=\"text-align: center;\">\u00ab\u00a0<em>Lyrisme instrumental d&rsquo;une grande virtuosit\u00e9<\/em>\u00ab\u00a0, Est-\u00c9clair, 21\/08\/13<\/p>\n<p style=\"text-align: center;\">\u00ab\u00a0<em>Deux heures de pl\u00e9nitude musicale<\/em>\u00ab\u00a0, Le Progr\u00e8s, 12\/08\/13<\/p>\n<p><iframe loading=\"lazy\" title=\"TRIO L &quot;Impressions d&#039;ici et d&#039;ailleurs&quot; - Lyuba Zhecheva\/Louison Cr\u00e8s-Debacq\/Louis-Jean Perreau\" width=\"705\" height=\"397\" src=\"https:\/\/www.youtube.com\/embed\/kDyJyjOjXso?feature=oembed\" frameborder=\"0\" allow=\"accelerometer; autoplay; clipboard-write; encrypted-media; gyroscope; picture-in-picture; web-share\" allowfullscreen><\/iframe><\/p>\n<p><iframe loading=\"lazy\" title=\"TRIO L &quot;Impressions d&#039;ici et d&#039;ailleurs&quot; - Lyuba Zhecheva\/Louison Cr\u00e8s-Debacq\/Louis-Jean Perreau\" width=\"705\" height=\"397\" src=\"https:\/\/www.youtube.com\/embed\/U1QyvM8WCkU?feature=oembed\" frameborder=\"0\" allow=\"accelerometer; autoplay; clipboard-write; encrypted-media; gyroscope; picture-in-picture; web-share\" allowfullscreen><\/iframe><\/p>\n<p><strong>Johannes Brahms, Trio op. 110<\/strong><\/p>\n<p align=\"center\"><iframe loading=\"lazy\" src=\"https:\/\/www.youtube.com\/embed\/1lT4iQaiNZg\" width=\"560\" height=\"315\" frameborder=\"0\" allowfullscreen=\"allowfullscreen\"><\/iframe><\/p>\n<p align=\"center\">\n<p align=\"center\">Retrouvez-nous sur les r\u00e9seaux sociaux !<\/p>\n<p align=\"center\"><a href=\"https:\/\/instagram.com\/trio.l.officiel?igshid=YmMyMTA2M2Y=\"><img loading=\"lazy\" decoding=\"async\" class=\"n3VNCb pT0Scc KAlRDb\" src=\"https:\/\/www.unipile.com\/wp-content\/uploads\/2022\/09\/logo_instagram.png\" alt=\"Logo Instagram, t\u00e9l\u00e9chargement et histoire\" width=\"105\" height=\"105\" data-noaft=\"1\" \/><\/a> \u00a0 \u00a0\u00a0 <a href=\"https:\/\/www.facebook.com\/pages\/TRIO-L\/131450593601894\"><img loading=\"lazy\" decoding=\"async\" class=\"n3VNCb pT0Scc KAlRDb\" src=\"https:\/\/upload.wikimedia.org\/wikipedia\/commons\/thumb\/c\/cd\/Facebook_logo_%28square%29.png\/800px-Facebook_logo_%28square%29.png\" alt=\"Fichier:Facebook logo (square).png \u2014 Wikip\u00e9dia\" width=\"105\" height=\"105\" data-noaft=\"1\" \/><\/a><\/p>\n<p align=\"center\">\n<p align=\"center\">\n<p align=\"center\">\n","protected":false},"excerpt":{"rendered":"<p>Pour trouver notre disque, c&rsquo;est ici: IMPRESSIONS D&#039;ICI ET D&#039;AILLEURS &#8211; TRIO L (CD) \u00ab\u00a0Lyuba Zhecheva, pr\u00e9sente, \u00e0 l&rsquo;\u00e9coute, dosant subtilement &#8230;, le son g\u00e9n\u00e9reux et la souplesse de Louison Cr\u00e8s-Debacq, la finesse lumineuse de Louis-Jean Perreau&#8230;\u00a0\u00bb, Concertonet, 07\/11\/17 \u00ab\u00a0De la musique \u00e0 consommer sans mod\u00e9ration\u00ab\u00a0, Le Progr\u00e8s, 23\/05\/13 \u00ab\u00a0Lyrisme instrumental d&rsquo;une grande virtuosit\u00e9\u00ab\u00a0, Est-\u00c9clair, [&hellip;]<\/p>\n","protected":false},"author":1,"featured_media":0,"parent":0,"menu_order":0,"comment_status":"closed","ping_status":"open","template":"","meta":{"footnotes":""},"_links":{"self":[{"href":"https:\/\/www.trio-l.com\/index.php?rest_route=\/wp\/v2\/pages\/18"}],"collection":[{"href":"https:\/\/www.trio-l.com\/index.php?rest_route=\/wp\/v2\/pages"}],"about":[{"href":"https:\/\/www.trio-l.com\/index.php?rest_route=\/wp\/v2\/types\/page"}],"author":[{"embeddable":true,"href":"https:\/\/www.trio-l.com\/index.php?rest_route=\/wp\/v2\/users\/1"}],"replies":[{"embeddable":true,"href":"https:\/\/www.trio-l.com\/index.php?rest_route=%2Fwp%2Fv2%2Fcomments&post=18"}],"version-history":[{"count":13,"href":"https:\/\/www.trio-l.com\/index.php?rest_route=\/wp\/v2\/pages\/18\/revisions"}],"predecessor-version":[{"id":354,"href":"https:\/\/www.trio-l.com\/index.php?rest_route=\/wp\/v2\/pages\/18\/revisions\/354"}],"wp:attachment":[{"href":"https:\/\/www.trio-l.com\/index.php?rest_route=%2Fwp%2Fv2%2Fmedia&parent=18"}],"curies":[{"name":"wp","href":"https:\/\/api.w.org\/{rel}","templated":true}]}}